*h + 0*h - 18 = 5*g. Let t(b) be the second derivative of -5*b**4/12 - b**3/2 - b. Determine t(g).
-14
Let w(b) = -b**3 + 8*b**2 - 6*b - 9. Suppose -p + 7 = -0. Give w(p).
-2
Let h(i) = i**3 + 5*i**3 + 12 - 4*i - 7*i**2 - 7*i**3 - 4. What is h(-6)?
-4
Let c(d) = -d**2 + 4*d - 2. Let u be c(3). Let j(p) = 1 + 3*p - 2*p + u. Suppose 5*h + 13*h = -36. Calculate j(h).
0
Let j(y) be the third derivative of y**5/60 - 5*y**4/24 + 5*y**3/6 + 7*y**2. Determine j(5).
5
Let a = -16 - -18. Let m(c) be the first derivative of 3*c**a - 2 - 1/3*c**3 + 0*c. Calculate m(5).
5
Let u(w) = -3*w - 31. Let v be u(-11). Let z(q) = 2*q - 3. Calculate z(v).
1
Let m(o) = o - 6 - o**2 + 4*o + 0*o. Calculate m(5).
-6
Let k(z) be the first derivative of -3*z**2/2 - z - 11. Determine k(2).
-7
Let w(o) = 3*o - o**2 + 0 - 6 + 6. Give w(4).
-4
Let z = 2 + -3. Let k = -1 + z. Let w be (7 - (3 + -3)) + k. Let i(h) = h**3 - 4*h**2 - 7*h + 1. Calculate i(w).
-9
Let d be (-2)/(-9) - (-156)/27. Let z(h) = -h**2 + 7*h - 4. Calculate z(d).
2
Let o(d) = d**3 - d**2 - 2. Let b be o(2). Let h be b/7 - 95/(-35). Let i(k) = -k**3 + 5*k**2 - 3*k. Give i(h).
9
Suppose -2*c + 28 = 3*v, 8 = c + c - 2*v. Let q(l) = -l**3 + 9*l**2 - 6*l - 11. Determine q(c).
5
Let u(x) = x - 5. Let p be u(7). Let f(n) = -6*n + 4*n**p + 5*n**2 - 2*n**2 + 2 - n**3. Determine f(6).
2
Let g(z) = -5*z**2 - 6*z - 1. Let l be (5/20)/((-2)/(-8)). Let h(q) = -q**3 + q**2 + q. Let p(x) = l*g(x) + 6*h(x). Give p(1).
-6
Let x be (40/(-16))/((-1)/2). Let i(d) = -3*d + x*d + 2 - d + 2. What is i(-4)?
0
Let t(z) = 8*z - 1. Let m(x) = -x + 9. Let q be m(9). Suppose -j + 0*j = q. Suppose 5*a - 1 = -3*o + 4*o, 4*o - 16 = j. Determine t(a).
7
Let z = 53 - 58. Let h(g) = 0*g - 4*g**2 - 1 + 3*g - g**3 - 4. Calculate h(z).
5
Let o(d) = d + 4. Let w = -8 - -5. Determine o(w).
1
Let a(f) be the first derivative of f**3/3 - 3*f**2/2 + f - 2. Suppose -5*h + 5 = -5*v, 3*h = 7*h - 2*v - 2. Suppose 4*s - s - 3 = h. What is a(s)?
-1
Let w be (3/(-2))/(3/32). Let x = -9 - w. Let d(z) = 2*z**2 + 4 - x*z**2 - 8*z + 3*z**2 + 3*z**2. Calculate d(5).
-11
Let b(g) = 11*g**3 - 12*g**3 - 2 - 2 - 6*g**2. Give b(-6).
-4
Let c(g) = -5*g - 3 + 4*g + g**2 - 2*g. Give c(5).
7
Let z be (0 + -2)*6/(-4). Let j be z + -5 - (1 - 7). Let d(y) = -3*y + 18. Let v(p) = -p + 6. Let u(q) = j*d(q) - 11*v(q). Give u(5).
1
Let g(f) = -f**3 + 5*f**2. Let m be 6/21 - 12/(-7). Suppose 0 = -3*n + m*n + 7. Let z be (7 - 0) + (-14)/n. Determine g(z).
0
Let j be (-33)/(-12) - 2/(-8). Let t(i) be the second derivative of -7/20*i**5 + 0 + 0*i**j + 1/6*i**4 + 2*i - 1/2*i**2. Determine t(-1).
8
Let w(q) = 3*q**3 + 2*q - 1. Let n(p) = p + 5. Let k be n(-6). Let y be ((-3)/2)/(k/2). Let h = y - 2. What is w(h)?
4
Let h(r) = -2*r + 3. Suppose 5*x = 7*x + 2. Let g(k) = -k + 6. Let s be g(3). Let t = s - x. Give h(t).
-5
Let k(n) = -n**2 - 5*n + 7. Let z be k(-6). Let w(a) = -60*a**2 - 25*a + 25. Let h(q) = -5*q**2 - 2*q + 2. Let v(x) = 50*h(x) - 4*w(x). Determine v(z).
-10
Let k(i) be the third derivative of -i**4/24 - 2*i**3/3 + 3*i**2. Let x be k(-6). Let s(d) = -4*d + 4*d + 4 + 3*d**2 + x*d + d**3 - 2*d**3. Give s(3).
10
Let p(n) = -n**3 - 3*n**2 + 3*n. Let w be (30/9 + -2)*-3. Let h be (10 - 0)/(w/(-4)). Let o = -14 + h. Give p(o).
4
Let s(h) = -h**3 - 2*h**2 - 3*h - 2. Let g be 22/5 + (-4)/10. Suppose g*k + 10 = -k. Calculate s(k).
4
Suppose 3*s = -s - 4*z - 20, -z - 4 = 0. Let n(b) = 2*b**3 + b**2 + 2*b + 1. What is n(s)?
-2
Let u(m) be the first derivative of m**2/2 + 4*m + 4. What is u(-5)?
-1
Let c be (16/(-20))/(4/(-10)). Let n(r) = -2*r**2 + r**3 + 7*r - 6 - 4*r**2 - 5*r**c + 6*r**2. Calculate n(4).
6
Let c(l) = l + 7. Let q be c(-5). Let v(z) = z**2 + z + 5 + 0*z**2 + q. Give v(0).
7
Let k(j) = -4*j**2 + 5*j - 5. Suppose 4*p + 2 = -10. Let t(s) = 11*s**2 - 14*s + 14. Let b(m) = p*t(m) - 8*k(m). What is b(3)?
-5
Let r = 49 - 45. Let d(l) = l**2 - 4*l + 5. Give d(r).
5
Suppose -2*u = -4 - 4. Let p(h) = -2*h - 3. What is p(u)?
-11
Let b(k) = 159 + 6*k**2 - 316 + 161 - 5*k - k**3. Give b(5).
4
Suppose -4*d + 1 = 5. Let p be (d/(-2)*0)/(-1). Let n(t) = t**3 + t**2 - 4. Determine n(p).
-4
Let h be 4/(-10) + (-32)/(-5). Let u(n) = -n**3 + 5*n**2 + 3*n + 8. Calculate u(h).
-10
Let g = -43 + 46. Let i(l) = 2*l**2 - 4*l + 2. Determine i(g).
8
Let h(m) = -m**3 - 10*m**2 - 7*m - 9. Let w(i) = 4*i**3 + 31*i**2 + 20*i + 28. Let r(q) = 7*h(q) + 2*w(q). What is r(9)?
-7
Suppose 2*u + 6 = -4*m, -5*m - 18 = -u - 0. Suppose u = t - 0. Let y(i) = 9*i - 5*i - 2 + t. Determine y(-2).
-7
Let l(b) be the second derivative of -b**4/12 + 2*b**3/3 + b**2 - 4*b. Determine l(5).
-3
Suppose 0*w + 12 = 4*w. Let x(s) = 8 - s - 5 + 2*s. Determine x(w).
6
Let n(w) = -7*w**3 - w**2 + 1. Let i(t) = 4*t**3. Let j(z) = -5*i(z) - 3*n(z). Calculate j(-3).
-3
Let q(r) = 2*r**2 + r - 1. Suppose -3*a - 12 + 6 = 0. Let j be q(a). Let l(f) = -f + 2. What is l(j)?
-3
Let s(o) = -5*o**3 - 3*o**2 - 6*o - 8. Let k(r) = 6*r**3 + 4*r**2 + 7*r + 9. Let l(t) = -6*k(t) - 7*s(t). What is l(-2)?
-2
Let a(l) = -2*l - 3. Suppose -103 = -16*c + 9. Calculate a(c).
-17
Let p(x) = -x - 2. Let d be (-63)/(-12) - (-1)/(-4). Suppose -3 = -d*g + 2. Suppose z + g = 6. Give p(z).
-7
Let a(w) = 5*w**3 - 8*w - 38. Let c(i) = -3*i**3 + 5*i + 25. Let d(g) = -5*a(g) - 8*c(g). What is d(0)?
-10
Let f(z) = -16 - z**3 + 8 - 2*z**2 - 10 + 3*z**2. Determine f(0).
-18
Let w(o) = o**3 + o**2 - o - 2. Let p be w(2). Suppose p*j = 3*j - 20. Let u(m) = -3*m**2 + 5*m - 1 + 4*m**2 + 0. What is u(j)?
-5
Let h(o) = 5*o + 1. Let l(m) be the third derivative of -m**5/60 + m**4/6 + m**3/6 + 6*m**2. Let x be l(4). Determine h(x).
6
Let b = 2 + -2. Let q(j) = -4 + 3 + j + 4 - 2. Let m(k) = k + 11. Let g(p) = m(p) - 2*q(p). Calculate g(b).
9
Let y(i) = i**3 + i**2 - i + 1. Let r(a) = 6*a**3 + a**2 - 9*a + 6. Let o(l) = -r(l) + 5*y(l). Give o(5).
-6
Let q = -15 - -16. Let f(l) be the first derivative of -7*l**4/4 - l + 2. What is f(q)?
-8
Let a(y) = 0*y**2 + 1 - y - 4*y**2 + y**2 + 3*y. What is a(-2)?
-15
Suppose f - 12 = -f. Let g(r) = f*r**2 - 3*r**3 - 9*r**2 + 4*r**3 + r. What is g(3)?
3
Let r = -10 + 10. Suppose -n = -o, 2*o - 4*n + 6 = -r. Let g(w) = -4*w**2 - 2 - o*w**3 + 4*w + 3*w**3 + w**3. Give g(3).
1
Let d(b) = -b**3 + 4*b**2 + b - 1. Let g be d(4). Let q(r) = -r**2 + 3*r - 4. Determine q(g).
-4
Let k(r) be the first derivative of 3*r**2 + 1/12*r**4 + 5/6*r**3 + 2 - 2*r. Let l(s) be the first derivative of k(s). Determine l(-5).
6
Let k(y) = 26*y - 11*y - 4*y + 7 - 9*y. Let a be -6*(-3)/6*-2. Give k(a).
-5
Let g be (2/5)/((-9)/(-135)). Let j(l) = l**2 - 8*l + 9. Calculate j(g).
-3
Let g(k) = k**3 - 3*k**2 - 2*k - 5. Let f be g(4). Let o(c) = c**2 + 2*c + 5 - c + f*c. Suppose 0 = 4*z, 5*j - 2*z + 6 = -14. What is o(j)?
5
Suppose 0 = -2*h - 4*f, -h - 3*f = 2*h - 3. Let b be 21/(-6)*(-2)/1. Let r(i) = -9 + b - 2*i**2 + i - i**3 - i**h. Determine r(-3).
-5
Let u(p) be the first derivative of 4 - 8/3*p**3 - 1/4*p**4 - 4*p**2 - 10*p. Determine u(-7).
-3
Let b(f) = -f**3 - 3*f**2 + 2*f + 2. Suppose s + 8 = -5*g, 3*s = -5*g - 19 + 5. Let l(z) be the second derivative of z**3/6 + 2*z. Let t be l(s). Give b(t).
-4
Suppose -3 - 5 = -4*c. Let g be 12/(-9)*36/(-16). Let d(l) = -l - g - 5 + 5 + 6. Give d(c).
1
Let s(r) be the first derivative of -r**2/2 - 4*r + 1. Suppose 0 = 5*y - 12 + 2. Suppose y*z + 12 = 2. Determine s(z).
1
Let d(j) = 4*j + 14. Let h(w) be the third derivative of -w**4/12 - 7*w**3/6 - 7*w**2. Let g(r) = -3*d(r) - 5*h(r). Calculate g(-5).
3
Suppose 3*o - 8*o = 5*h - 15, 2*o - 4*h = 0. Let a(r) = 2*r + r - r**2 - r + 2 + 0*r**o. Determine a(-2).
-6
Suppose 3*t - 16 - 14 = 0. Let h(n) = 4*n + n - 6*n + 2*n - t. What is h(7)?
-3
Let a(i) = 1 - 2 - 4*i - 4. Let l = -6 - -4. Let w be (-2 - -1)*(-8)/l. Calculate a(w).
11
Let r(v) = v**3 + 6*v**2 - 5. Let b be 15*(50/(-15) + 3). Calculate r(b).
20
Let h(o) be the second derivative of -o**3/3 + o**2/2 + 18*o. Determine h(-4).
9
Let q(y) be the second derivative of y**5/20 + 5*y**4/12 + y**3/6 - 5*y**2/2 - 2*y. Determine q(-4).
7
Let g(u) = u - 9. Let z be g(7). Let b(t) = 7*t**2 + 7*t - 6. Let k(w) = 6*w**2 + 6*w - 5. Let i(o) = -5*b(o) + 6*k(o). Calculate i(z).
2
Let q(m) be the second derivative o